{"id":54,"date":"2008-12-14T15:40:32","date_gmt":"2008-12-14T14:40:32","guid":{"rendered":"http:\/\/marijan-kelava.com\/kunden\/kongress\/?page_id=54"},"modified":"2008-12-14T15:40:32","modified_gmt":"2008-12-14T14:40:32","slug":"informationen-uber-bad-hofgastein","status":"publish","type":"page","link":"https:\/\/medprophylaxe.ertl.in\/wordpress\/veranstaltungen\/informationen-uber-bad-hofgastein\/","title":{"rendered":"Informationen \u00fcber Bad Hofgastein"},"content":{"rendered":"<p><strong>Tagungsort &#8211; Lage<\/strong><br \/>\n\u00d6sterreich (Bundesland Salzburg) &#8211; 856 m \u00fc. d. M. &#8211; subalpines Klima, weitgehende Nebelfreiheit, windgesch\u00fctzt im breitesten und sonnigsten Teil des Gasteiner Hochtales auf ebenem Talboden.<br \/>\n<\/br><br \/>\n<strong>Anreise<\/strong><br \/>\na) Bahn: Es halten Intercity-, Schnell- und Expressz\u00fcge. Der Bahnhof liegt 3 km n\u00f6rdlich (des Ortszentrums): es bestehen st\u00e4ndige Taxi- und Autobusverbindungen.<br \/>\n<\/br><br \/>\nb) Stra\u00dfe: Von Salzburg kommend Tauernautobahn, Richtung S\u00fcden bis Bischofshofen. Ausfahrt Gasteinertal. Bundesstra\u00dfe 167 bis Bad Hofgastein.<br \/>\nVon Villach kommend Autobahn Richtung Salzburg. Ausfahrt Mallnitz\/Obervellach. Bundesstra\u00dfe bis zur Tauernschleuse Obervellach (Autoverladung). \u00d6BB f\u00e4hrt jede volle Stunde (von 6.00 bis 22.00 Uhr), ab B\u00f6ckstein Bundesstra\u00dfe 167 bis Bad Hofgastein.<br \/>\n<\/br><br \/>\nVon Innsbruck kommend Autobahn Kufstein &#8211; Salzburg &#8211; Villach. Ausfahrt Zell am See\/Gasteinertal. Bundesstra\u00dfe 167 bis Bad Hofgastein.<br \/>\n<\/br><br \/>\n<strong>Kurzentrum<\/strong><br \/>\nDas Kurzentrum Bad Hofgastein liegt am Nordrand des 80.000 m2 gro\u00dfen Alpenkurparkes und setzt sich aus dem Kurmittelhaus, Therapiestation, Dialyseabteilung, Thermentempel und der Kunsteisbahn zusammen.<br \/>\nKurzeit: ganzj\u00e4hrig<br \/>\n<\/br><br \/>\n<strong>Skisport im Gasteinertal<\/strong><br \/>\nWeitl\u00e4ufige Skigebiete mit Liftanlagen bis in 2700 m H\u00f6he. \u00dcber 200 km Abfahrten, dazu noch Tiefschnee- und Buckelpisten, Carvingstrecken bedeuten Pistenvielfalt pur. Gastein &#8211; heuer erstmals dabei beim Skiverbund amad\u00e9. Abfahrten f\u00fcr alle Schwierigkeitsgrade.<br \/>\nEislaufen &#8211; Kunsteisbahn im Kurzentrum<br \/>\nEisschie\u00dfen &#8211; Kunsteisstockbahn im Kurzentrum<br \/>\nGasteiner Skisafari.<br \/>\nNaturrodelbahn &#8222;Aeroplan&#8220;<br \/>\n3,5 km lange Naturrodelbahn &#8211; auf Anfrage auch mit Betreuung &#8211; jeden Dienstag und Donnerstag Auffahrtsm\u00f6glichkeiten mit der Gasteiner Bergbahnen AG um 19.30 Uhr (im Live-Dabei Ticket amad\u00e9 inkludiert).<\/p>\n","protected":false},"excerpt":{"rendered":"<p>Tagungsort &#8211; Lage \u00d6sterreich (Bundesland Salzburg) &#8211; 856 m \u00fc. d. M. &#8211; subalpines Klima, weitgehende Nebelfreiheit, windgesch\u00fctzt im breitesten und sonnigsten Teil des Gasteiner Hochtales auf ebenem Talboden. Anreise a) Bahn: Es halten Intercity-, Schnell- und Expressz\u00fcge. Der Bahnhof liegt 3 km n\u00f6rdlich (des Ortszentrums): es bestehen st\u00e4ndige Taxi- und Autobusverbindungen. b) Stra\u00dfe: Von [&hellip;]<\/p>\n","protected":false},"author":2,"featured_media":0,"parent":9,"menu_order":5,"comment_status":"closed","ping_status":"open","template":"","meta":{"footnotes":""},"class_list":["post-54","page","type-page","status-publish","hentry"],"_links":{"self":[{"href":"https:\/\/medprophylaxe.ertl.in\/wordpress\/wp-json\/wp\/v2\/pages\/54","targetHints":{"allow":["GET"]}}],"collection":[{"href":"https:\/\/medprophylaxe.ertl.in\/wordpress\/wp-json\/wp\/v2\/pages"}],"about":[{"href":"https:\/\/medprophylaxe.ertl.in\/wordpress\/wp-json\/wp\/v2\/types\/page"}],"author":[{"embeddable":true,"href":"https:\/\/medprophylaxe.ertl.in\/wordpress\/wp-json\/wp\/v2\/users\/2"}],"replies":[{"embeddable":true,"href":"https:\/\/medprophylaxe.ertl.in\/wordpress\/wp-json\/wp\/v2\/comments?post=54"}],"version-history":[{"count":0,"href":"https:\/\/medprophylaxe.ertl.in\/wordpress\/wp-json\/wp\/v2\/pages\/54\/revisions"}],"up":[{"embeddable":true,"href":"https:\/\/medprophylaxe.ertl.in\/wordpress\/wp-json\/wp\/v2\/pages\/9"}],"wp:attachment":[{"href":"https:\/\/medprophylaxe.ertl.in\/wordpress\/wp-json\/wp\/v2\/media?parent=54"}],"curies":[{"name":"wp","href":"https:\/\/api.w.org\/{rel}","templated":true}]}}